rime factors of i?
2, 31
Let k(f) = 4*f**3 - f**2 + f + 37. Let z(o) = 7*o**3 - o**2 + 2*o + 73. Let m(j) = -5*k(j) + 3*z(j). Suppose 10*q - 6*q = 0. What are the prime factors of m(q)?
2, 17
Let d be (1 + 1)*(-6)/(-3). Suppose -5*t = -d*b, 4*t + b = -0*t. Let o(k) = -k**3 + k**2 + k + 12. What are the prime factors of o(t)?
2, 3
Let j be (-4)/(-1) - (-1 + 3). Suppose j*i = 3*i - 55. Suppose -a - 19 + i = 0. What are the prime factors of a?
2, 3
Suppose 84*v - 182880 = 48*v. List the prime factors of v.
2, 5, 127
Suppose 13*q = 8*q + 340. Suppose 38 + q = 2*n. What are the prime factors of n?
53
Suppose 8*w - 2*w = 12072. List the prime factors of w.
2, 503
Suppose -5*d + 235 = -0*d. Suppose 0 = -2*s - d - 289. Let g = -96 - s. List the prime factors of g.
2, 3
Let l be (-402)/(-14) + 4/14. Let u(v) = 2*v + 11. Let o be u(-8). Let j = o + l. What are the prime factors of j?
2, 3
Let c be 4 + -1 + 0 - 3. Let y(m) = m**2 - 3*m + 3. Let k be y(3). What are the prime factors of k/(1/2 - c)?
2, 3
Suppose -3 = t - 1, -3*a + 2*t - 20 = 0. Suppose -27 = x - 5*d, 10*d - 9*d = -5*x - 265. List the prime factors of a/x + (-668)/(-52).
13
Let l be (562 - -4)*(-2)/(-4). Suppose 104 = 2*a + 3*u, 5*a - 2*u = 2*u + l. List the prime factors of a.
5, 11
List the prime factors of (-12)/(-42)*(-2 - -2 - -6251).
2, 19, 47
Suppose -43*u + 79*u = 76248. What are the prime factors of u?
2, 3, 353
Suppose 4122 + 186 = 6*h. List the prime factors of h.
2, 359
Suppose -o = -0*o - 1. Let y = 2 - 3. List the prime factors of (o/(-1))/(y/10).
2, 5
Suppose -8 - 12 = -4*v - r, 0 = -5*v + 5*r. Let z = -96 - -98. Suppose 0 = -v*s + z*x + 10 + 12, 5*s - 30 = 2*x. List the prime factors of s.
2
Suppose -93 = 3*y + 4*p, -3*y - 105 = y - p. Let s = 70 - y. List the prime factors of s.
97
Let b be -4 + (-1 - -3) + 2. Let s be b*2/4 + 5. Suppose -s*p + 2*w + 2*w = -93, 3*w + 6 = 0. List the prime factors of p.
17
Let g = 645 - 331. List the prime factors of g.
2, 157
Suppose 0*d = -15*d + 1245. What are the prime factors of d?
83
Suppose 16*f - 309 = 13*f + 3*k, 2*f = -2*k + 198. List the prime factors of f.
101
Let x be ((-100)/70)/((-1)/7). Suppose -3*z - 4*r + 20 = 0, -z - 4*z + 2*r = x. Suppose z = 2*t - 6*q + 2*q - 8, 2*t - 3*q = 8. What are the prime factors of t?
2
Let l(u) = 8*u**2 + 24*u - 25. Let c(r) = 7*r**2 + 23*r - 24. Let d(q) = -7*c(q) + 6*l(q). List the prime factors of d(-15).
2, 3
Let d = 259 + 4. List the prime factors of d.
263
Let f(x) = 4*x**2 + 3*x - 7. Let w be f(-6). Suppose -4*k = h + 323 - 18, h = -5. Let g = w + k. List the prime factors of g.
2, 11
Suppose -5*a = -5*f + 7310, 0 = -7*f + 6*f - 4*a + 1472. List the prime factors of f.
2, 3, 61
Let k be ((-1)/((-7)/(-2)))/(3/(-21)). List the prime factors of (-1)/k - 1446/(-12).
2, 3, 5
Let g be 4/(-14) + (-37)/(-7). Let d(r) = 3*r**2 + 1. Let c be d(-1). Suppose 11 = g*n - c. What are the prime factors of n?
3
Let k = -1128 - -2290. What are the prime factors of k?
2, 7, 83
Suppose 4*t - 29 = m, -4*m + 4*t - 57 = 71. Let h be ((-44)/m)/(2/(-18)). List the prime factors of h/(-66) - 194/(-22).
3
Let m(o) = o**3 + 8*o**2 - 17*o - 3. What are the prime factors of m(14)?
3, 23, 59
Suppose -y + 31 = 3*k, 2*y - 3*k - 75 = 14. Suppose -5*g + 55 + y = 0. Let r = g + -13. List the prime factors of r.
2, 3
Let w(p) = p - 5. Let y be w(10). Suppose 3*o + y*z = o + 96, 5*z - 58 = -o. What are the prime factors of o?
2, 19
Let c(w) be the third derivative of -w**4/6 + 2*w**3/3 + 5*w**2. Let v(a) = -4*a + 5. Let d(y) = 4*c(y) - 3*v(y). List the prime factors of d(-3).
13
Suppose 2*y + 32 = -4*n, -4*n - 20 = y - 0*y. Let z = y - 2. Let r = z + 27. What are the prime factors of r?
13
Let j be (-6)/(-8) - ((-63)/12 - -3). What are the prime factors of 173/j - 2/(-6)?
2, 29
Let n = -634 - -997. What are the prime factors of n?
3, 11
Let d be (9 - 19)*1*-42. Suppose -g - d = -5*g. What are the prime factors of g?
3, 5, 7
Suppose -5*r + 6*r - 5 = 0. Suppose 63 + 67 = r*d. List the prime factors of d.
2, 13
Let d = -7 + 6. Let s(b) be the first derivative of -23*b**2/2 + b + 14. What are the prime factors of s(d)?
2, 3
Let g(l) = -l**3 + 9*l**2 - 8*l + 6. Suppose -6*k - 5*k = -66. What are the prime factors of g(k)?
2, 3, 11
Let o = -2418 - -4449. List the prime factors of o.
3, 677
Suppose 12*g - 5*d - 346 = 9*g, 0 = 2*g + 5*d - 214. List the prime factors of g.
2, 7
Let r = 74 - 88. What are the prime factors of 4/r - 41*57/(-21)?
3, 37
Suppose 5*c + w = -0 + 27, 14 = 2*c + 2*w. Suppose s - c = -1, 3*u - s - 119 = 0. What are the prime factors of u?
41
Let x = 970 - 307. What are the prime factors of x?
3, 13, 17
Let g be (10/(-15))/(3/9). Let x = -1 - g. What are the prime factors of -1 + 19 + 2 - x?
19
List the prime factors of ((-7 - 605) + -5)/(1/(-1)).
617
Let a = 17 + 37. Suppose -9*i + a = -6*i. What are the prime factors of i?
2, 3
Let l be (-3 + (-7)/(-2))*12. Suppose -l*i + 66 = -5*i. Suppose -3*d - 2*a + i = 0, 2*a = 2*d - 3*a - 63. List the prime factors of d.
2, 3
List the prime factors of (-85)/15*-3*36/3.
2, 3, 17
Let a(c) = 4*c. Let g be a(1). Suppose y = -y + i + 2, g*i = -8. Suppose -4*d = y, -170 = -3*v - 2*v + 2*d. List the prime factors of v.
2, 17
Let y(k) = -k - 1. Let a be y(0). What are the prime factors of -6*a/3 - -85?
3, 29
Let g = -74 + 80. Let o(q) = 32*q - 4. Let y be o(4). What are the prime factors of (y/(-5))/(g/(-15))?
2, 31
Suppose -5*i + 135 = -2*i. Suppose 12*a - 173 + 245 = 0. Let o = i - a. List the prime factors of o.
3, 17
Suppose 0 = 5*d + 20 - 55. Suppose 0 = 3*l - 6*l + 48. Let z = d + l. List the prime factors of z.
23
Let s be (0 + 106)*(-45)/(-6). Suppose -4*a + p = -470, -s = -5*a - 2*p - 201. List the prime factors of a.
2, 59
Suppose 8*o = 10*o + 2. Let h(w) = 53*w**2 - 2*w - 1. What are the prime factors of h(o)?
2, 3
Let k(v) = -21*v**3 + 15*v**2 + 48*v + 2. What are the prime factors of k(-3)?
2, 5, 7
Suppose 2*h + 3 = -17. Let p be h/(-4)*1*2. Let n = p - -24. What are the prime factors of n?
29
Let z(q) = q**2 + 14*q - 13. Let u be (-42)/(-24) + 1/4. Suppose -u*j = -0*j + 30. List the prime factors of z(j).
2
Let k(g) be the second derivative of -g**4/12 - 5*g**3/6 - g**2/2 - 5*g. Let x be k(-4). Suppose 0 = x*j - 6*j + 60. What are the prime factors of j?
2, 5
Let f = 14 + -9. Suppose -5*j = -f + 10. List the prime factors of 76*(2/(-8))/j.
19
Let y(i) = i**3 - 4*i**2 - 3*i. Let k(m) = -m**3 - 8*m**2 - 3. Let o be k(-8). Let z be y(o). List the prime factors of 4 - 9 - -4 - z.
53
Suppose 11 = 5*x + 1, -3856 = -4*z - 4*x. What are the prime factors of z?
2, 13, 37
Let j(b) = -b**3 - 3*b**2 - 3*b + 4. Let d be j(-3). Suppose 3*i - d = 77. What are the prime factors of (-10)/i + 242/6?
2, 5
Suppose -2*j + 5*j + 6 = 0. Let w be (3/j)/((-13)/52). What are the prime factors of (-4208)/(-60) + w/(-45)?
2, 5, 7
Let q(d) = -7*d**2 + d**3 - 30 + 3*d + d + 23. Let k = -33 - -40. What are the prime factors of q(k)?
3, 7
Let f(i) = 10 + 10 - 7 + 7*i + 14. List the prime factors of f(16).
139
Suppose -4113 = -3*d - 0*d. Let l = d + -776. What are the prime factors of 1/4 - l/(-20)?
2, 3, 5
Let o(x) = 4 - x**3 + 0*x - 3*x + 2*x + 4*x**2. Let f be o(4). Suppose f = 5*k - 0*k - 215. List the prime factors of k.
43
Let p(k) = -k + 118. List the prime factors of p(32).
2, 43
Let t be 1/((-107)/53 - -2). Suppose -5*g + 2*g - 291 = -3*n, -10 = -5*n. Let j = t - g. List the prime factors of j.
2, 3, 7
Let c = -1104 + 1635. List the prime factors of c.
3, 59
Let b = -1502 + 3056. List the prime factors of b.
2, 3, 7, 37
Suppose -33 = 2*f - 3*f. Suppose 4*r = f + 63. Suppose -2*k + 60 + r = 0. What are the prime factors of k?
2, 3, 7
Let s(v) = 33*v**2 + 38*v - 6. What are the prime factors of s(-6)?
2, 3, 53
Let f be 5/(-2)*12/(-15). Suppose 5*m - 1140 = -2*a, 5*a = f*m - 0*m - 427. What are the prime factors of m?
2, 113
Suppose -s + 5*j + 1248 = 0, 4*j + 6198 = -4*s + 9*s. List the prime factors of s.
2, 619
Let d = -33 - -36. Suppose d*a + 129 + 107 = -4*q, 0 = -2*a. Let b = -14 - q. What are the prime factors of b?
3, 5
Let x = -20 + 42. Let v = x + -19. Suppose 2*u - 23 = -v. List the prime factors of u.
2, 5
Suppose -2202 = -47*w + 44*w. Suppose 5*d - w = -4*y, 0 = -4*d - 5*y + 